-1)/(4/32)?
2, 3, 5, 11
Suppose 0 = -k + 3*k - h + 1199, 4*k + 2386 = -2*h. Let b = 2 - k. What are the prime factors of b?
2, 3, 5
Suppose -6 = -5*g + 2*b, 12 = -6*g + 8*g + 4*b. Suppose -3*k = 4*s - 87, g*s + 5*k - 57 - 4 = 0. List the prime factors of s.
2, 3
List the prime factors of (-1382738)/(-126) + 2 + 196/(-63).
10973
Let x be (61/183)/(1/6). What are the prime factors of (-4356)/(-78) + x/13?
2, 7
Let f = -132 + 134. Suppose -540 = -5*r - f*l, 2*r + 21*l - 25*l - 240 = 0. What are the prime factors of r?
2, 5, 11
Let m(y) be the third derivative of y**6/120 - y**5/6 + 17*y**4/24 + 5*y**3/3 + 5*y**2. Suppose -15 = -5*z, 5*q + 3*z = 6*q. What are the prime factors of m(q)?
2, 41
Let d(v) = 2*v - 3. Let f be d(0). Let h be 55/15 - 1/f. What are the prime factors of 136/6 + h/(-6)?
2, 11
Let y = 46902 - 12517. What are the prime factors of y?
5, 13, 23
List the prime factors of 12 - (-1)/((-6)/(-41856)).
2, 1747
Let t(c) = -2*c**2 - 39*c + 13. Suppose -1212 + 1356 = -8*n. What are the prime factors of t(n)?
67
Let w(i) = 218*i**2 - 13*i + 89. What are the prime factors of w(-9)?
2, 7, 11, 29
Suppose n = 4958 + 8368. List the prime factors of n.
2, 3, 2221
List the prime factors of (-21)/105 + (-1136848)/(-40).
97, 293
Let n(s) = s**2 + 12*s + 20. Suppose 12*g = 9*g + 12. Let x be (-2)/(-6) + g/24*-68. What are the prime factors of n(x)?
3
Let u(r) = -r**2 + 18*r - 6. Let o be u(17). Suppose 0 = o*c - 63 - 47. What are the prime factors of c?
2, 5
Suppose -z - 719 = -2*i, 1 - 6 = -5*z. List the prime factors of 197145/i + 3/8.
2, 137
Let a be (-4)/(-2) - 4/(-2). Let g(s) be the third derivative of -s**5/60 + 7*s**4/24 - 3*s**3/2 - 101*s**2. What are the prime factors of g(a)?
3
Let m be (-1)/(-3) - (-102)/(-9). Let b be ((-6)/4 - 322/28)*m. Suppose 3*t - b = 223. List the prime factors of t.
2, 61
Let b(i) = 359*i**2 + 85*i - 73. List the prime factors of b(8).
3, 7, 1123
Let m(x) = 199*x**2 + 45*x - 73. List the prime factors of m(-5).
3, 1559
Let o be 6410/(-8) - 255/(-204). Let w = -376 - o. List the prime factors of w.
2, 53
Suppose 0 = -4*i + i. Suppose -5*h - 4 = 3*w, -45*h + 44*h = -4*w + 10. Suppose i = w*x + 3*x - 335. List the prime factors of x.
67
Let v(h) = h**3 - 27*h**2 - 21*h - 189. Let q be v(28). What are the prime factors of 5 - (-234 + 2 + (q - 3))?
233
Let u(q) = -23*q + 59. Let b be u(8). Let j = 495 + b. List the prime factors of j.
2, 5, 37
Suppose 3*a + 2 = 4*a. Suppose a*h - 4*q - 12 - 12 = 0, -5*h + 3*q + 53 = 0. Suppose -9*w - h = 3*k - 4*w, -10 = 2*k + 4*w. List the prime factors of k.
5
Let t = 252 + 82. Suppose -333*f + t*f - 160 = 0. List the prime factors of f.
2, 5
Let x be 4/(-6) + 18/27. Suppose -13*h + 96 = -5*h. Suppose 2*l = 2*r - h, -49 = -4*r - l - x*l. List the prime factors of r.
11
List the prime factors of 24517 - -1 - 9 - -22.
3, 13, 17, 37
Let v = -448 + 452. Suppose 0 = 2*u + 4*q - 1808, 553 = v*u + 4*q - 3067. What are the prime factors of u?
2, 3, 151
Suppose 1515 = -8*z - 1397. Let m = -59 - z. What are the prime factors of m?
5, 61
Let s(m) = -m**3 - 16*m**2 + 32*m - 7. Let t be s(-19). Suppose -u - t = -a - 6*u, -2475 = -5*a + 2*u. List the prime factors of a.
17, 29
Let t(n) = 3414*n - 4390. List the prime factors of t(10).
2, 5, 7, 17
Let o(j) = -6*j**2 + 27*j + 34. Let l be o(-12). Let i = -582 - l. List the prime factors of i.
2, 11, 13
Let h(l) = 3*l - 1. Let a be h(2). Let r be (-1 + 0)/((-37)/148). Suppose 146 = a*f + r*n - n, -n + 2 = 0. List the prime factors of f.
2, 7
Let c(u) = 24*u**2 + 50*u + 340. List the prime factors of c(22).
2, 3, 17
Suppose -91*t - 21315 = -96*t. What are the prime factors of t?
3, 7, 29
Suppose 546992 + 214754 = 114*c + 13*c. What are the prime factors of c?
2, 2999
Let f be (-1100)/(-286) - (-4)/26. Let u(j) = 6*j**2 - j + 2. Let c be u(f). Let i = 3 + c. What are the prime factors of i?
97
Let y(f) = 2*f**2 - f + 17. Let c = 128 - 156. What are the prime factors of y(c)?
1613
Let c = -42 + 74. Let b = c + -30. Suppose 0 = -4*d + 8, b*d - 17 - 44 = -3*v. What are the prime factors of v?
19
Let z(s) = -s**3 - 96*s**2 + 237*s - 36. List the prime factors of z(-100).
2, 19, 107
Let m be ((-2)/(-1) - -2) + 14 + 25. Suppose 2*p - m = 73. What are the prime factors of p?
2, 29
Let h(j) be the third derivative of 13*j**4/8 + 7*j**3/3 + 32*j**2. Let v be h(-6). Let s = -149 - v. List the prime factors of s.
71
Suppose -104676 = 61*x - 347578. List the prime factors of x.
2, 11, 181
Suppose -2*r + 697 + 84 = 3*y, 0 = 2*y - r - 530. Suppose 0 = 5*a - 2*g + y, g - 4*g - 162 = 3*a. Let d = 37 - a. What are the prime factors of d?
2, 3, 5
Suppose 4*q + 0*c - 3*c = 11, 4*q + 5*c = 35. Suppose -q*f - 349 = -s, 0*f = -4*f - 12. List the prime factors of s.
2, 167
Let a = 56 + -52. Suppose 0 = -a*d + 1354 - 334. Suppose 3*z - 3*f - 90 - 99 = 0, 0 = -4*z + 5*f + d. List the prime factors of z.
2, 3, 5
Let o be 17738/28 - (-1)/2. Suppose -1304 - o = -6*d. List the prime factors of d.
17, 19
Suppose -9*g + 6*g = -426. Let m = g + -22. What are the prime factors of m?
2, 3, 5
Suppose 5*g = r - 2678, -10*g - 529 = -9*g + 2*r. Let s = g - -831. What are the prime factors of s/2 + 6 + -3?
151
Let b be 8*-743*((-45)/(-6))/(-15). Suppose -77*l + 75*l + b = 0. List the prime factors of l.
2, 743
List the prime factors of (66/96)/(-11) - ((-84485)/80 + -8).
2, 7, 19
Let a be -1 + 9 + 12/(-4). Let o(p) = 2*p + 27. Let s be o(-12). Suppose 2*b + 271 - 78 = 3*g, 0 = -a*g - s*b + 290. What are the prime factors of g?
61
Let t = 14936 + -1919. What are the prime factors of t?
3, 4339
List the prime factors of 102887/4 - 26/(30 + -134).
2, 3, 1429
What are the prime factors of (-17643)/(((-450)/20)/45)?
2, 3, 5881
Suppose 0 = 4*g - s - 435, -4*s + 145 - 455 = -3*g. Suppose p = 5*h - 345, 45 + 111 = 2*h - 4*p. Let q = g - h. List the prime factors of q.
2, 3, 7
Let p(n) = 3*n + 11. Let f be p(-5). What are the prime factors of (-2)/4*-86 + (f - -3)?
2, 3, 7
Let c(m) = 1177*m**3 - 144*m**2 - 8*m + 23. List the prime factors of c(3).
2, 15241
Let a(u) = u**3 - 33*u**2 - 31*u - 69. Let m be a(39). Suppose -45*h = -36*h - m. List the prime factors of h.
2, 109
Let r = 2340 + -2347. Let f be -59 - (1 + 0 + -2). Let l = r - f. What are the prime factors of l?
3, 17
Suppose 0 = -3*p + 122*t - 118*t + 149174, p - 49690 = -3*t. List the prime factors of p.
2, 7, 53, 67
Suppose 0 = 3*s + j - 3 - 3, 3*j = -s + 2. What are the prime factors of (s - -1763) + -21 + 26?
2, 3, 5, 59
Let u(i) = 347*i**2 - 53*i - 22. List the prime factors of u(-5).
2, 7, 13
Let g = 236 + -231. What are the prime factors of 1883/g + 8/20?
13, 29
Let n = 84 - 49. Suppose -n = -11*r + 6*r. Suppose -150 = r*i - 12*i. What are the prime factors of i?
2, 3, 5
Let q(w) = 2*w**2 - 10*w - 10. Let g be q(6). Suppose 0 = -2*o - 4*b + 639 + 1481, -g*o + 2128 = 2*b. Suppose -18*z + 22*z = o. List the prime factors of z.
3, 89
Let z(p) = p**3 + 3*p**2 - 4*p - 3. Let n be z(-4). Let c(j) = -16*j**3 - j**2 - 3*j + 4. Let g be c(n). Suppose 9*o = 230 + g. What are the prime factors of o?
2, 37
Suppose -87*k = -91*k - 12. Let o(i) = -15*i**3 - 4*i**2 + 7*i - 2. What are the prime factors of o(k)?
2, 173
Let o(m) = m**2 - 7*m - 1. Let r be o(3). Let i(v) = 2*v**2 + 9*v + 34. What are the prime factors of i(r)?
3, 5, 17
Let g(h) = 9561*h**3 + 5*h**2 + 15*h - 19. List the prime factors of g(1).
2, 7, 683
Suppose -324 = -v - r, v + 76 - 380 = 3*r. Suppose 1844 = 5*b + v. What are the prime factors of b?
5, 61
List the prime factors of (189/(-252) + (-2)/8)*-5849.
5849
Suppose 0 = -5*v - 0 + 120. Let b = v - 20. Suppose 5*o = b*o + 89. What are the prime factors of o?
89
Suppose 42 = -6*b + 13*b. Let j(t) = t**2 - 12*t - 1. Let u(f) = -f**2 + 13*f + 2. Let h(k) = b*u(k) + 7*j(k). List the prime factors of h(-8).
3, 13
Suppose 2*n + 778 = -2*t - 46, 2*n = 2*t - 828. Let m = 241 + n. Let i = 243 + m. What are the prime factors of i?
71
Suppose -3*s - 21*s + 229176 = 0. What are the prime factors of s?
3, 1061
Let x be 3 - (6/(-2) + 240/4). Let v be x/(-21) + 16/(-28). Let r = v + 125. List the prime factors of r.
127
Suppose a + h = 404, 9*h - 5*h = a - 409. List the prime factors of a.
3, 5
Let y(m) = -29*m**3 + 25*m**2 + 6*m + 15. L